 8?
6
Let s = -9 - -11. Suppose -2*z - s = -36. Calculate the remainder when 65 is divided by z.
14
Let j = -10 + 20. Let w(g) = 3*g - 3. Calculate the remainder when 53 is divided by w(j).
26
Let x(n) = 2*n - 3. Let h = 4 - -2. What is the remainder when 25 is divided by x(h)?
7
Suppose 2*y = -t + 11, -3*y - 5 = -2. Calculate the remainder when 64 is divided by t.
12
Let r(y) = -y**2 - 5*y - 6. Let w be r(-4). Let g = 24 - 2. Calculate the remainder when g is divided by 1/((-1)/16*w).
6
Let m(c) = 2*c**2 + 9*c**3 + 0*c**3 - 1 + 23*c**3 + 0*c**2. What is the remainder when m(1) is divided by 17?
16
Let l = 23 - 16. Suppose -1 - 3 = 4*v. Calculate the remainder when v/(-2*(-1)/(-26)) is divided by l.
6
Suppose -f + 4*f = -9. Calculate the remainder when (-2)/f*-3 - -77 is divided by 19.
18
Suppose -16*d + 15*d = -16. What is the remainder when d is divided by ((-3)/2)/((-1)/6)?
7
Suppose -3*x = -2*u - 50, -3*u - u - 28 = -2*x. Suppose -15 - 3 = -3*w. What is the remainder when 2/9 - (-194)/x is divided by w?
5
Suppose -4*j - 4*x + 116 = 0, 5*j + 2*x - 27 = 4*j. Suppose -3*w - 88 = w. Let v = w + 38. What is the remainder when j is divided by v?
15
Suppose 5*d - 172 - 156 = -2*l, -3*l + 204 = 3*d. What is the remainder when d is divided by 18?
10
Let k(y) = 8*y**2 - 2*y - 1. Let a = 75 - 57. What is the remainder when k(-2) is divided by a?
17
Let b(i) = i**2 + 5*i + 4. Let q be b(-5). Let n(h) = 2*h**2 + 3*h - 1. What is the remainder when n(q) is divided by (-12)/2*5/(-2)?
13
Let n(k) = 2*k**2 + 3*k + 2. What is the remainder when 145 is divided by n(-5)?
34
Let z(l) = -l**3 - 14*l**2 - 16*l - 24. What is the remainder when 53 is divided by z(-13)?
8
Let g(h) = -h - 1. Let c(y) = -y**2 - 22*y - 14. Calculate the remainder when c(-21) is divided by g(-5).
3
Let t = -11 - -33. What is the remainder when 85 is divided by t?
19
Let g(a) = a + 5*a - a + 1 + 12*a. Calculate the remainder when 35 is divided by g(1).
17
Let x = -21 - 6. Let g = -17 - x. Calculate the remainder when 29 is divided by g.
9
Let d be (-10)/3*(-3 - 0). Let i(m) = m + 1. Let y(q) = -2. Let s(j) = 2*i(j) + y(j). What is the remainder when s(d) is divided by 11?
9
Suppose 0 = -r - 4*t + 2, 0*r - r - 16 = -2*t. Let d = r - -22. What is the remainder when 35 is divided by d?
11
Let z be 22*2 + (-5 - -1). Let k = z - 29. What is the remainder when 1/(1/19) + 1 is divided by k?
9
Let t be ((-35)/(-4))/((-4)/(-16)). Suppose 0 = -2*o + 4*z + 4, -o - 5*z = -2 - t. Calculate the remainder when 22 is divided by o.
10
Let k(g) = -4*g - 14. What is the remainder when 39 is divided by k(-6)?
9
Let c = -12 + 7. Let q = -23 - -44. What is the remainder when q is divided by 0 - (c + 3) - -9?
10
Let p(z) = -22*z**3 - z**2 - z - 1. Let s(b) = -b**3 - 2*b**2 + 6*b + 3. What is the remainder when p(-1) is divided by s(-4)?
10
What is the remainder when 52 is divided by (6/4 + -1)*(13 + 1)?
3
Let o(r) = 2*r**2 - r + 1. Suppose d - 12 = -3*d. Suppose -3*a - 5*j = -37, d*a - 4*j - j - 77 = 0. Calculate the remainder when o(-4) is divided by a.
18
What is the remainder when 17 is divided by 3/(-2)*98/(-21)?
3
Calculate the remainder when 78 is divided by 17 - (-5 - (-3 - -1)).
18
Let g = 160 - 156. Suppose -4*t + 4 = -2*t. Calculate the remainder when g is divided by t.
0
Suppose 2*f - 112 = -2*f. Suppose -3*l + 3 = 0, -l + f = 5*z + 2. What is the remainder when z is divided by 4?
1
Suppose 4 = 5*f + 3*i - 2, 0 = 2*f - 3*i - 15. Let n = 5 - -1. What is the remainder when n is divided by f?
0
Let o(u) = u**3 + 13*u**2 + 5. Let q be o(-13). Suppose 5*v - q*t - 50 = 0, -5*v - t + 20 + 6 = 0. What is the remainder when 23 is divided by v?
5
Let d(o) = -13*o. Let g = 2 - 3. Let k be d(g). Suppose -k = -p - 1. What is the remainder when 34 is divided by p?
10
Suppose -2*q + 0*q + 24 = -4*x, 0 = -2*q - 5*x + 24. What is the remainder when (q/(-8))/(1/(-26)) is divided by 2/(1/7 - 0)?
11
Let r = -19 + 30. Let k be 1/(11/(-6) - -2). What is the remainder when r is divided by ((-36)/(-8))/(k/8)?
5
Let x = -23 - -46. Calculate the remainder when 43 is divided by x.
20
Let x = 70 - 53. What is the remainder when 269 is divided by x?
14
Let l(p) be the second derivative of -p**4/12 + 5*p**3/6 - 3*p**2/2 - 7*p. Calculate the remainder when 4 is divided by l(3).
1
Let g = 13 + -10. Let o(q) = 2*q**3 - 2*q**2 - 4*q + 3. What is the remainder when o(g) is divided by 15?
12
Suppose h - w - 34 = 0, 5*w - 1 + 6 = 0. Calculate the remainder when 93 is divided by h.
27
Let k(m) = m - 5. Let p = -8 + 11. Let o(a) = a**2 - 2*a - 1. Calculate the remainder when k(8) is divided by o(p).
1
Let g = 5 - -2. What is the remainder when 60 is divided by g?
4
What is the remainder when (4/(-24)*9)/((-6)/80) is divided by 8?
4
Suppose 0 = 3*f + 2*p - 11 + 2, 17 = 2*f + 5*p. Suppose 0 = -2*i + 4*a + 10, -4*a - f = 5*i - 10*i. Calculate the remainder when 2 - 0/i - -65 is divided by 17.
16
Let q(g) = -2*g**3 - g**2 - 4*g - 13. Let j(t) = -t**3 - 2*t - 7. Let b(s) = 5*j(s) - 3*q(s). What is the remainder when b(3) is divided by 17?
13
Suppose 0 = 2*c + 2 + 2. Let z be (c + 0/(-3))*-2. Let x(p) = -p**3 + 5*p**2 + 1. Calculate the remainder when 50 is divided by x(z).
16
Suppose 3*i - 48 = 2*i. Suppose 0*s - 30 = -3*s. What is the remainder when i is divided by s?
8
Let f(x) = 97*x**2 - 2*x + 1. Let h be f(1). Let a = h - 56. Suppose -4*t + 12 = -a. Calculate the remainder when 38 is divided by t.
12
Suppose 16 = 4*k - 24. Let o(v) = v**3 + 9*v**2 + 7*v - 2. Calculate the remainder when k is divided by o(-8).
4
Let i = -9 - -15. Let y be (1 + -57)*(-3)/i. Let u = y + -14. What is the remainder when u is divided by 8?
6
Let p = -88 + 126. What is the remainder when p - (-2)/((-6)/9) is divided by 12?
11
Let o be 1 - 3/(-6)*-10. Let n(w) = -3*w + 1. What is the remainder when 37 is divided by n(o)?
11
Let p = -8 - -22. What is the remainder when p is divided by 4?
2
Suppose 3*h = -3*z - h + 93, -3*h = 9. What is the remainder when z is divided by 13?
9
Suppose -3*y + 5*r - 16 = 13, 2*y = -5*r + 14. Let x be (-10)/(-4) + y/(-6). Let c = x + 17. What is the remainder when c is divided by 11?
9
Suppose 48*c - 55 = 43*c. Calculate the remainder when 228 is divided by c.
8
Suppose b - 11 = 3*n, -b + 8 = -5*n + n. Calculate the remainder when 76 is divided by b.
16
Let d(t) = -t - 2. Let n be d(-5). Suppose -2*s + 9 + n = 0. Calculate the remainder when 10 is divided by s.
4
Let t(h) = 12*h - 1. Let y(x) = 25*x - 3. Let b(q) = -5*t(q) + 2*y(q). What is the remainder when 35 is divided by b(-1)?
8
Suppose 3*w - 16 = 5*k, 2*k = -5*w + w + 4. What is the remainder when -8 + 13 + 0 + -3 is divided by w?
0
Calculate the remainder when (-96)/(-2) - (-12 + 10) is divided by 26.
24
Let u(t) = t**3 - 4*t**2 - 5*t + 8. Calculate the remainder when (0 - 0)/1 - -14 is divided by u(5).
6
Let p = -89 - -98. Calculate the remainder when 32 is divided by p.
5
Suppose 5*b + 3*p - 52 = 0, -3*p + 4 = 2*b - 3*b. Let g = 2 + 1. Let y(f) = 2*f**2 - f. Calculate the remainder when y(g) is divided by b.
7
Let l(j) = 12*j**2 - 3. What is the remainder when 223 is divided by l(-2)?
43
Let w(q) = q**3 + 3*q**2 - q - 1. Let v be w(-3). Suppose -5*y = -v*s - 113, -s - 11 = 3*y - 70. What is the remainder when 83 is divided by y?
20
Suppose 4*d + 18 = 7*d. Suppose -d = -o + 5*p - 3, -p = -3*o + 79. Calculate the remainder when 111 is divided by o.
27
Let f(x) = 10*x**2 + 2. Let c be f(3). Let j = c - 60. Calculate the remainder when j is divided by 18.
14
What is the remainder when 13 is divided by 10/(-45) + -94*(-1)/18?
3
Suppose 4*k = -5*r + 42, 30 = 2*k + 4*r - 6*r. Calculate the remainder when 25 is divided by k.
12
Suppose 0 = -4*u - 28 - 84. Let z be 60 - ((-2)/1 - -2). Let i = z + u. What is the remainder when i is divided by 11?
10
Let t(i) = 1 - 1 - 5*i + 4*i + 9. What is the remainder when -1 + 0 - 2*-5 is divided by t(6)?
0
Let d(a) = a + 3. Let t(c) = -3*c**2 + 4*c - 2. Let z be t(2). Let p be d(z). What is the remainder when 22 is divided by (-66)/(-9) + (-2)/p?
6
Let r = 3 + -3. Suppose 3*z + 2*z + 4*p = r, -3*z - 8 = 4*p. Suppose -3*h + z*o = -8, -5*o = -h + 5*h - 21. What is the remainder when h is divided by 2?
0
Let s = -11 - -14. What is the remaind